d*j - 7. What are the prime factors of j?
2
Let c be (-8)/(-20) - 27/5. Let b = c - -9. Suppose -z = m - b*z - 1, 0 = -z + 4. What are the prime factors of m?
13
Let k = -2 + 3. Suppose -10 = -5*u + 4*h + 1, u = 2*h + k. Suppose c = 6*d - u*d + 21, -d = 2*c - 7. What are the prime factors of c?
2, 3
Suppose 4*u = -2 + 10. Let r(a) = 1 + 5*a + u*a - 5*a. What are the prime factors of r(4)?
3
Let d be ((-2)/(-5))/(1/10). Suppose 8 + d = 2*t. Suppose -t = -5*a + 3*a. List the prime factors of a.
3
Suppose -2*v + 69 = v. List the prime factors of v.
23
Let u(g) = -g**3 + 1 + 0*g**3 + 0*g - 2*g. List the prime factors of u(-2).
13
Let d(m) be the second derivative of -m**3/6 - 3*m**2/2 - 2*m. Let h be d(-6). What are the prime factors of 4/(-4) + (h - 0)?
2
Let p = -57 + 115. Suppose 0 = l + 3*l + 2*n - p, 0 = 4*l + n - 57. What are the prime factors of l?
2, 7
Suppose -5*p + 278 = -2*p - 5*w, -2*p = 3*w - 217. What are the prime factors of p?
101
Let h(g) = 3*g + 7. Let o(f) = 4*f + 8. Let l(m) = 5*h(m) - 4*o(m). What are the prime factors of l(-12)?
3, 5
Suppose r - 12 = 5*r. Let z be r*(-1 - 44/6). Suppose -5*s + 4*o = -z, 0 = -5*o + 31 - 6. List the prime factors of s.
3
Let y(o) = 14*o**3 - o**2 - 3*o - 1. List the prime factors of y(2).
101
Suppose 0 = 3*o - i - 427, 0 = -3*o - i - i + 433. What are the prime factors of o?
11, 13
Let a(b) = -14*b**3 - 2*b**2 + 4*b + 4. List the prime factors of a(-2).
2, 5
Let i(a) = a**3 + 7*a**2 + 8*a + 1. Let s be i(-6). Let c = 9 - s. What are the prime factors of c?
2, 5
List the prime factors of (0 + 3)/(2/30).
3, 5
Let b(n) = n + 4. Let p be b(-4). Suppose -5*w = -2*w. Suppose -6 = -w*u - u - 3*o, p = -3*u - 2*o + 11. What are the prime factors of u?
3
Suppose t = -2*v + 53 - 20, 2*t + 86 = 4*v. List the prime factors of v.
19
Let m be 28/6 + (-2)/(-6). What are the prime factors of 5/(-1)*(-16)/m?
2
Let z = -3 + 5. Let s be 1*(-2 - 6/(-3)). Suppose s = -z*t - t + 30. List the prime factors of t.
2, 5
Let j(y) = -y**2. Let q be j(0). Suppose -2*i - s = -9, -5*s - 3 = -3*i - 22. Suppose -1 = -4*k - 2*l + 49, q = k - i*l - 10. What are the prime factors of k?
2, 3
Let v(w) be the third derivative of w**5/60 + w**4/4 - 3*w**3/2 - 2*w**2. What are the prime factors of v(-8)?
7
Suppose -4 = -i - 0, 2*i = 4*v - 4. Let p be v/(-2) + 2/(-4). What are the prime factors of -2 + ((-4)/p - -9)?
3
Suppose -2 + 1 = -c. Let d be ((-4)/(c - -1))/(-1). What are the prime factors of (1*d)/(2/7)?
7
Let j = -8 + 13. Suppose -j*o + 10*o = 210. What are the prime factors of o?
2, 3, 7
Let o(a) = 9*a - 3*a**2 + 4*a**2 + 6 + 8. Let f be o(-10). Suppose h - f = -3*h. List the prime factors of h.
2, 3
Suppose 43 = -3*q - v, -4*v + 28 = -2*q - 10. Let n(p) = p**2 + 4. Let d be n(5). Let h = d + q. What are the prime factors of h?
2, 7
Suppose k = -2*k + 24. List the prime factors of k.
2
Suppose 4*z + z - 221 = -3*l, -4*l = 4*z - 284. List the prime factors of l.
67
Let z be (-28)/(-6) - (-3)/9. Suppose -z*d = -6*d + 3. Suppose 10 = -q + d*q. What are the prime factors of q?
5
Let x = 1 - 5. What are the prime factors of 36 - (-3 - 8/x)?
37
Let w(k) be the third derivative of k**6/120 - 2*k**5/15 + k**4/3 + k**3/3 + 4*k**2. What are the prime factors of w(7)?
3
Let a = -8 + 5. What are the prime factors of (a/(-2))/(1/6)?
3
Let g be (-2)/11 - (-72)/33. Let u = 9 - g. Suppose u + 3 = d. List the prime factors of d.
2, 5
Let o(s) = s**3 + s**2 - 4*s. Let j be o(4). Let u = -18 + j. Suppose 0 = 5*w + 4*h - u, 0 = 5*w - 2*h + 3*h - 49. List the prime factors of w.
2, 5
Suppose 2*l - 11 + 1 = -5*s, l + 5*s - 5 = 0. What are the prime factors of l?
5
Let d(t) = -t**3 - 7*t**2 + 4*t + 9. Let o be d(-7). Let r = o + 31. List the prime factors of r.
2, 3
Let m(o) = -o**3 - 5*o**2 + 3*o - 6. Let b be m(-6). Let x = 9 - 16. Let c = b + x. What are the prime factors of c?
5
Let w = 74 - 53. What are the prime factors of (-2)/(18/w)*-3?
7
Let f be (-8)/(-2*1/3). Suppose l = 2*l + 4*u - f, -3*l + 14 = u. Suppose -r = -l*r + 6. What are the prime factors of r?
2
Suppose 0 = -y + 3 + 5. List the prime factors of (-62)/(-3)*12/y.
31
Suppose 0 = -0*a + 5*a + 5. List the prime factors of 1/(a*1/(-13)).
13
Let v(q) = -q**3 - 4*q**2 - 2*q - 1. Let b be v(-3). List the prime factors of (0 - -2)/(b/(-18)).
3
Let r(n) = -6*n + 6. Let x = 9 + -2. Let a be r(x). Let l = 50 + a. List the prime factors of l.
2, 7
Let f(z) = -8 - 3*z**2 - 19*z + z**2 + z**2. What are the prime factors of f(-17)?
2, 13
Let q(b) be the third derivative of b**5/60 - b**4/24 + 2*b**3/3 + 3*b**2. What are the prime factors of q(7)?
2, 23
Suppose 3*h + l + 10 = 0, -2*h + 4*l - 30 = -0*h. Let t = h - -9. Suppose d = -t*x + 2*d + 24, 3*x + 4*d = -1. What are the prime factors of x?
5
Let n(b) = 26*b - 20. Let y(h) = 9*h - 7. Let t(i) = 6*n(i) - 17*y(i). What are the prime factors of t(2)?
5
Let a(m) be the second derivative of m**3/6 + 4*m**2 - 2*m. Let w be a(-5). Suppose w*t - 60 = -5*b, 5*t = 5*b - b - 11. List the prime factors of b.
3
Let p be (1 + -1*2)*-8. Let o(k) = -3*k**2 + 16*k - 15. Let w(z) = 2*z**2 - 11*z + 10. Let d(m) = p*w(m) + 5*o(m). What are the prime factors of d(8)?
5
Suppose 0*z = 4*z + 5*s + 8, 0 = -5*z - 3*s + 3. Let o be -5*(0 + -3)/z. Let b = 4 + o. List the prime factors of b.
3
What are the prime factors of (23*1/2)/((-12)/(-312))?
13, 23
Let q = 9 + -6. Suppose 107 = q*l - 49. Suppose 3*v - w - 40 = 0, 4*v + w - 3*w = l. List the prime factors of v.
2, 7
Suppose 0 = -3*z + 4*p + 442, -z + 154 = 2*p - 0*p. What are the prime factors of z?
2, 3, 5
Let t(l) = -2*l - 10. List the prime factors of t(-11).
2, 3
Suppose 3*a = 3*g + 5*a - 129, 0 = -5*a. List the prime factors of g.
43
Suppose 0 = 2*j + 2*j. Suppose j = 3*f - b - 3*b - 50, -3*b = -4*f + 55. What are the prime factors of f?
2, 5
Suppose 0 = -4*f + 2*m + 768, 2*f - 4*m - 98 = 292. What are the prime factors of f?
191
Suppose -5*j = -3*u + 196, 0*j = -4*j + 4. Let s = -24 + u. List the prime factors of s.
43
Let i be -1 - -1 - (1 - 3). Suppose 3*a - 5*h = 171, -3*a + 160 = i*h - 11. What are the prime factors of a?
3, 19
Suppose 3*o = 5*n + 8*o - 45, -n = -4*o + 16. What are the prime factors of n?
2
Suppose 3*t = 128 + 1. Let w = -9 + t. What are the prime factors of w?
2, 17
Let r be (437 + 7)/(6/(-4)). List the prime factors of 5/(-15) - r/6.
7
Suppose 12*u - 336 = 4*u. List the prime factors of u.
2, 3, 7
Let j = -411 - -766. What are the prime factors of j?
5, 71
Suppose -n + 3*f = -2*n + 44, -n + 36 = f. What are the prime factors of n?
2
Let k = 52 + 51. Let n = k + -173. What are the prime factors of (-3)/(-9) - n/6?
2, 3
Let g = 532 + -364. What are the prime factors of g?
2, 3, 7
Let z = -71 - -127. List the prime factors of z.
2, 7
Let s = -136 - -220. What are the prime factors of s?
2, 3, 7
Let x = 47 - 23. Suppose 4*v = -3*b + 33, x = 4*b - 3*v - 20. List the prime factors of b.
11
Suppose -4*g - 2*a + 64 = 0, 76 = 5*g - g - a. Let x = g + -40. List the prime factors of 3*(x/3)/(-2).
11
Let w be 605/10 + 2/(-4). Suppose 6*l - l - w = 0. List the prime factors of l.
2, 3
Let z = 28 + -25. Suppose z*o = 5*l - 65, 3*l = -4*o + 40 - 1. List the prime factors of l.
13
Let b = -162 + 467. What are the prime factors of b?
5, 61
Suppose 0 = -d + 6 + 4. Let v = d - -6. What are the prime factors of v?
2
Let l = -1 + 3. Let x(g) = 3*g**2 - 2*g - 1. Let y be x(-1). Suppose y*z + 22 = l*f, -4*f + 3*z + 29 = -0. What are the prime factors of f?
5
What are the prime factors of 2 + -4 + ((-290)/(-2) - 2)?
3, 47
List the prime factors of -2 + (2 - (-36 + 2)).
2, 17
What are the prime factors of 36/8*14/7?
3
Let j(p) = p**2 - 3*p - 3. Let k be j(3). Let b(o) = o**2 - 2*o - 2. What are the prime factors of b(k)?
13
Let m = 8 + -2. Let i(p) = p**2 + 3. Let k be i(m). Suppose -k = -5*v + 21. What are the prime factors of v?
2, 3
Let j be (-1)/6*2*3. Let u(b) = -b**3 + 2*b**2 - 1. Let p be u(j). Suppose 0 = 2*g + 5*c + 5, -p*g - c = -0 - 15. What are the prime factors of g?
2, 5
Suppose 15 = -2*n + 5*n. Let h = -3 + n. List the prime factors of h.
2
Suppose -4*p - f = 7 + 69, 84 = -5*p - 4*f. Let i be ((-6)/(-4))/((-15)/p). Suppose 44 = 2*a + i*a. What are the prime factors of a?
11
Suppose -3*d - 5